*2 - 5*v + 8. Give j(l).
2
Let j(t) be the first derivative of t**3/3 + 23*t**2/2 + 42*t + 67. What is j(-21)?
0
Let r be (-4)/(-1) + 2*(7 - 24). Let l be 6/(-2) + 28 + r. Let m(z) = z**2 + 2*z - 6. Give m(l).
9
Let n(l) = -1. Let o be -1*3*(1 - 0/4). Let u(j) = j + 12. Let y(c) = o*n(c) + u(c). Calculate y(-14).
1
Let z(x) = 16*x + 1. Let p(i) = i**2 - 87*i - 3. Let t(n) = -2*p(n) - 10*z(n). What is t(6)?
8
Let h(q) be the second derivative of 0 - 1/2*q**3 - 1/60*q**5 + 2*q + 33/2*q**2 - 1/12*q**4. Let i(s) be the first derivative of h(s). What is i(-4)?
-11
Let p(j) = j**2 + 6*j - 5. Let u(o) = 180*o**2 + 3*o + 4. Let b be u(-2). Let f = b - 723. What is p(f)?
-10
Let i(g) be the third derivative of g**5/60 + g**4/4 - 2*g**3 - 3601*g**2. Determine i(-6).
-12
Let o(b) be the third derivative of -b**7/2520 + b**6/80 + b**5/20 - 73*b**4/24 + 9*b**2. Let i(f) be the second derivative of o(f). Determine i(10).
-4
Let y(v) = 1 + 5*v**2 - 3*v + 493*v**3 - 494*v**3 + 7 - 4. Let p = -17 + 47. Suppose 4*t + 28 = 5*f, -2*t - p = -5*f + 3*t. Calculate y(f).
8
Let x(d) = -d**2 - d + 6. Let t be (-266)/(-12) + 9/(-54). Suppose t = -a + 10. Let p be a + 10 + 1*2. Determine x(p).
6
Let g(m) = m**3 - 13*m**2 + 12*m. Let c(d) = 10*d + 82. Suppose 11 = 2*n - 5*x, -2*n + 7*x = 4*x - 1. Let i be c(n). Give g(i).
0
Let m be 0/3 + 90/(-12)*-38. Let o = 276 - m. Let c(n) = -n**2 - 10*n - 17. Give c(o).
-8
Let l(r) = 5*r - 1. Suppose 11*p - 360 = p. Suppose -p = 4*o - 44. Calculate l(o).
9
Let z(y) = y**3 - 7*y**2 + 3*y + 14. Let m be (18/45)/(7 - (-252)/(-35)) + 8. Give z(m).
-4
Let b(i) = -498*i - 38*i**2 + 0 - 503*i + 1 + 1004*i. What is b(-1)?
-40
Let a(f) = f**3 - 9*f**2 + f - 8. Let w be 80/(-8)*(8 + 3/(-3)). Let x be w/(-8) + 2/8. Determine a(x).
1
Suppose 2 = -2*d - 8. Let b(a) = -14*a + 31*a - 4 - 18*a + 1 - 5 - 3. Calculate b(d).
-6
Let a(x) = 30*x + 57. Let q(v) = -289*v - 510. Let t(o) = -57*a(o) - 6*q(o). Give t(8).
3
Let c(q) = -5*q**3 + 10*q**2 - 10*q - 16. Let j(l) = 7*l**3 - 11*l**2 + 11*l + 15. Let s(d) = -4*c(d) - 3*j(d). What is s(-8)?
27
Let g(o) = -9*o**2 + o - 9. Let b(l) = 29*l**2 - 2*l + 32. Let t(h) = -2*b(h) - 7*g(h). Calculate t(3).
35
Let x(k) be the first derivative of 1/2*k**2 - k + 17/4*k**4 + 0*k**3 + 29. Give x(1).
17
Let y(r) = -5*r**2 + 88 - r**2 - 28 - 27*r + 14*r + 5*r**2. Calculate y(4).
-8
Let m(z) be the first derivative of 2*z**3/3 - 2*z**2 + 47. Suppose -10*s + 18 = -4*s. Give m(s).
6
Suppose 51*a + 22 = -15*i + 55*a, 2 = -a. Let r(t) be the second derivative of t**5/20 + t**4/4 + t**3/6 + t**2/2 - 2*t. What is r(i)?
3
Let u(l) be the third derivative of -l**6/120 + l**4/24 - l**3/6 - 9*l**2 - 3. Let d(v) = 2*v**3 + 9*v**2 - 11*v + 8. Let p(y) = d(y) + 3*u(y). What is p(8)?
5
Let a(c) = -15*c**2 - 170772 + 170774 - 6*c + 16*c**2. Suppose 2*m - 1 = -5, 4*m + 36 = 4*s. Give a(s).
9
Suppose 0 = -4*c - 4*g + 8, -4*g + 8 = 20. Let y(f) = -2*f**3 - 1 + f**3 + 3*f + c*f**2 - 7*f. Determine y(3).
5
Let u(b) = b**2 - 5741*b + 57304. Let l be u(10). Let p(t) be the third derivative of -t**6/120 - t**5/10 + 5*t**4/24 - t**3 - t**2. Determine p(l).
-36
Suppose -16*l + 6 = -13*l + 3*u, -4*u + 20 = 0. Let g(a) = -13*a - 11. Let b(x) = 7*x + 6. Let j(m) = -5*b(m) - 3*g(m). What is j(l)?
-9
Let l(u) = 8*u**2 + 8 + 0*u - 6 + 5 - 9 - u. Calculate l(-1).
7
Let w(f) be the first derivative of f**3/3 - 17*f**2/2 - 2*f + 402. Calculate w(16).
-18
Let p(j) = -j**3 - 16*j**2 - 54*j + 4. Let b(h) = -h**3 + 5*h**2 - 73*h + 463. Let n be b(6). Calculate p(n).
-7
Let l be (-4 - (-225)/54)*36. Let d(w) = 9*w - 47. Give d(l).
7
Suppose 5*y + 3*t - 19 = 0, -5*y = -7*y + 3*t - 5. Suppose -8 - 38 = -3*j + d, -14 = -y*j + 4*d. Let x = -18 + j. Let g(l) = -5*l + 1. Calculate g(x).
6
Let g(p) be the first derivative of -p**4/6 - 2*p**2 + 2. Let z(a) be the second derivative of g(a). Let u = -517 - -519. Determine z(u).
-8
Let a = -97 - -99. Let i be (-2)/4 + -10*a/(-8). Let w(b) = i - 6 + b + 1 - 2. Calculate w(8).
3
Let c(y) = -2*y**2 - 10*y - 71. Let w(h) = -5*h**2 - 28*h - 192. Let f(z) = 8*c(z) - 3*w(z). Calculate f(8).
-24
Let a(l) = -5*l + 4. Let i be a(1). Let q be (i - (-1 - 1))*-1 + -3. Let r(j) = 16*j + j**2 - 13*j - 3 - 1. What is r(q)?
0
Let v(i) be the second derivative of -1/2*i**3 + 0 - 9/2*i**2 - 16*i. Let k(j) = j + 3. Let h(s) = -17*k(s) - 6*v(s). Calculate h(-6).
-3
Let l(f) be the first derivative of -f**2 - 14*f - 1. Suppose -3*x + 3972 = 3993. Calculate l(x).
0
Let v(m) be the first derivative of -m**4/6 - m**3/2 + m**2 - m - 4. Let k(c) be the first derivative of v(c). Suppose -62*n = -13*n - 98. Calculate k(n).
-12
Let f be (2 + (-9 - -10))*16/(-6). Let j(p) = -4*p - 28. Calculate j(f).
4
Let n(s) = -363880*s**2 - s - 2 + 363919*s**2 - 2*s. Give n(-1).
40
Let j(i) = i**2 - i + 1. Suppose u - 3 = 0, -2*l - 11 + 36 = 3*u. What is j(l)?
57
Let p(d) be the third derivative of 1/24*d**4 + 0*d - 2/3*d**3 + 0 - 49*d**2. Calculate p(0).
-4
Let v(w) = -w**2 + 8*w - 2. Let o be v(1). Suppose 4*t - 13 = 5*q - 8*q, -o*t = -q - 21. Let p(n) = 5*n**3 + n**2 - 1. What is p(q)?
-5
Let l(c) be the first derivative of -c**3/3 + c**2/2 + 10*c + 4579. Give l(7).
-32
Let b = -6 + 14. Let o(q) = -q**2 + 10*q - 12. Let f be o(b). Let s(y) = 0*y**2 + f*y - 1 - 11*y**2 + 10*y**2. Determine s(5).
-6
Let q(j) = j**2 - 8*j + 15. Let u be (-131)/(-19) + 520/4940. Give q(u).
8
Let c(r) = -20*r**2 - 21*r**2 + 40*r**2 - 405 + 407. Let h(s) = 2*s**2 - 2*s - 1. Let n be h(-1). Calculate c(n).
-7
Let r(v) = 4*v**3 + 16*v**2 + 22*v - 20. Let y(o) = -3*o**3 - 14*o**2 - 17*o + 19. Let q(a) = -2*r(a) - 3*y(a). Give q(-9).
1
Let q(n) = -5*n**3 + n**2 - 3*n - 9. Let g be q(-2). Suppose 5*y + g - 6 = 5*l, 5*y + 15 = l. Let u(k) = -7*k - 6. Calculate u(l).
-41
Suppose -3*d - 4*m - 5 = 0, -m - 13 + 16 = 5*d. Let o(r) = 16*r**2 - 11*r - 2. Let y be o(d). Let f(z) = -z**2 + 1 - 3*z**2 + 2*z**2. Determine f(y).
-17
Suppose -a + 5 = -p, 3*a + p = 2*p + 11. Suppose -6*u + a*u = -4*b - 9, -u + 3 = b. Let f(t) = 2 - 4*t - t**2 - u*t + 2*t. Give f(-4).
6
Let t(z) = -19*z - 69. Suppose -4*v - 8 = -i, 4*i + 26 = -3*v + 1. Determine t(v).
-12
Let j(p) be the first derivative of -p**2 - 11*p - 20. Let x = -3279 + 3272. Give j(x).
3
Let n = -175 - -174. Let m(h) = -2*h - 18. Let c(s) = -2. Let b(k) = n*m(k) + 5*c(k). What is b(-7)?
-6
Suppose -2*a + 5*c + 30 = 0, -2*a - c = -0*c - 6. Let x(o) = 15*o - 1 - 8*o - 9*o + a*o - o**2 - 5*o. Calculate x(-2).
-1
Let d = 34792 - 34789. Let n(f) = -7*f**2 - 8*f + 13. Calculate n(d).
-74
Let b(p) = -7*p**2 + 530 - 540 + 9*p**2 - 31*p + p**3. What is b(5)?
10
Let o = -1 - -11. Let j = 8 - 5. Let c(l) = 12*l + j*l + 2 + 9*l**2 - l**3 - 5*l. Calculate c(o).
2
Let r(y) = -2*y**2 + 2*y + 4. Let k(f) = f**2 - f - 4. Let n(a) = 3*k(a) + 2*r(a). Suppose 17 = -x - 43. Let g = 60 + x. Determine n(g).
-4
Let p(u) = -u + 5. Let q(z) = -z**2 - 254*z + 1301. Let w be q(5). Determine p(w).
-1
Let q(c) = -5 - 2*c - 12*c + c + 9*c + 3*c. Suppose 0 = 5*t - t. Determine q(t).
-5
Let m(o) = -2*o - 77. Let y be m(-37). Let v be y + (-26)/5*(-30)/12. Let l(t) = -t**2 + 9*t + 7. Give l(v).
-3
Let t(i) = -36 + i**2 - 8*i - 30 + i**2 - 3*i**2 + 63. Let x be (-203)/35 - 1/5. Calculate t(x).
9
Let n(b) = -60*b**2 + 32*b**2 - 1 + 27*b**2 - 4*b + 5. Let o = -11 + 4. Let m(l) = 3*l**2 + 12*l - 12. Let h(t) = o*n(t) - 2*m(t). Calculate h(-5).
1
Let p be (7/4)/(56/224). Let l(u) = -5 - 5*u + 5*u + 4*u. Determine l(p).
23
Suppose 11 = 2*a - 3*v, -a = 6*v - 4*v - 2. Let r(s) = -a*s - 4 + s + 0*s + 2*s. Determine r(0).
-4
Let t(d) be the second derivative of d**4/12 - d**2/2 + 5*d. Let r(v) = v**2 + 17*v + 15. Let o be r(-22). Let k = o - 127. Calculate t(k).
3
Let q(b) = -b**3 + 3*b**2 + 5*b - 6. Let z be (3/(-2))/(-7 + (-159)/(-24)). Suppose 3*y = 2*y + u + 9, 4*y = -4*u - z. Determine q(y).
-2
Let w(g) = 25*g + 11. Let p(v) = -9*v - 3. Let b(m) = -11*p(m) - 4*w(m). Give b(-8).
-3
Suppose 2*v = -3*f + 23, 3*f - 31 = 3*v - 7*v. Let k(u) = 4*u**2 - 2*u - 5. Let i(m) = 9*m**2 - 5*m - 13. Let h(x) = f*k(x) - 2*i(x). What is h(-3)?
19
Let p(n) = -n + 4. Let o(t) = -t + 1. Let x = -21 + 20. Let c(i) = x*p(i) + 5*o(i). Calculate c(2).
-7
Let j = -1359 + 1362. Let o(u) = 25*u - 2. Give o